emainder when 3*y/6 - (-141 - 4) is divided by 31/2*2 + -1?
26
Suppose -862 + 13926 = 4*o. Suppose -5659 = -25*l + o. What is the remainder when l is divided by 8?
5
Suppose -1228 - 192 = -10*j. Calculate the remainder when 986 is divided by j.
134
Let n be 50/(-90)*(-10 + 1). Suppose 4*f = 3*z + 73, 0 = -n*f - z + 5*z + 90. What is the remainder when 35 is divided by f?
13
Suppose 3*v = -f + 345, 32*f - 34*f - 480 = -4*v. What is the remainder when v is divided by ((-48)/(-20))/(1/5)?
9
Suppose 784 - 2317 = -377*i + 2237. What is the remainder when 777 is divided by i?
7
Let r(w) = -211*w + 1909. What is the remainder when 971 is divided by r(9)?
1
Let v(i) = 7*i + 32. Let n be v(-17). Calculate the remainder when 172 is divided by (-6)/18*n/(3 + -2).
27
Let h = -13048 + 13087. What is the remainder when 269 is divided by h?
35
Suppose -24*n + 5762 = -4822. Suppose -29*z + 52 = -n. What is the remainder when 110 is divided by z?
8
Suppose 0 = -z - 5*z + 90. Suppose 3*m = -z, -4*i + i - 2*m + 86 = 0. What is the remainder when i is divided by ((-18)/(-8))/(2/8)?
5
Let z(q) = -q**3 - 8*q**2 - 6*q - 5. Let w be z(-8). Let i = 48 - w. Suppose -45 = i*t - 305. What is the remainder when t is divided by 18?
16
Suppose f - 5*y + 6*y + 117 = 0, 0 = -y + 3. Let o = f - -232. What is the remainder when o is divided by 9?
4
Suppose -31 = -2*q + t, -4*q = -5*t + 2 - 61. Let j(d) = 14*d**2 + 13*d - 55. What is the remainder when j(4) is divided by q?
13
Suppose -2*f = 2*g, -g + 3*g = -3*f + 6. Suppose -3 + 31 = 2*r. What is the remainder when f is divided by r/6 - 2/(-3)?
0
Let j be 8/(-5)*(-165)/66. Suppose 0 = -j*f - 5*t - 0 + 76, 3*f - 84 = 3*t. What is the remainder when 706/6 - 4/6 is divided by f?
21
Suppose -12078 = -17*i + 2440. What is the remainder when i is divided by 175?
154
Let w(m) = 11*m - 2. Suppose b = 0, -2*i - 4*b + 7 + 7 = 0. What is the remainder when w(i) is divided by 39?
36
Suppose 5*g + 17 = -8. Let n = g - -7. Suppose -3*f - m + 279 = 0, -4*f - n*m = -168 - 204. Calculate the remainder when f is divided by 24.
21
Suppose -4*u - 7*q + 202 = 36, 4*q + 182 = 5*u. What is the remainder when u is divided by 28?
10
What is the remainder when 59 is divided by (105/(-30)*14)/(-1)?
10
Let h(a) = 2*a**3 - 41*a**2 - 166*a - 338. Calculate the remainder when h(26) is divided by 47.
9
Let k = -426 - -463. Suppose -k*y = -28*y - 2853. Calculate the remainder when y is divided by 32.
29
Let p = -6182 + 6462. What is the remainder when 1128 is divided by p?
8
Let d(v) = 24*v**2 - 3*v - 3. What is the remainder when d(-2) is divided by (-96)/(-168) + (-3900)/(-182)?
11
Suppose 13*o - 68 + 42 = 52. Calculate the remainder when 423 is divided by o.
3
Let g = 2233 - 2200. What is the remainder when 83 is divided by g?
17
Let u(v) = -36*v + 18*v + 17*v + 76 + 19. What is the remainder when u(8) is divided by 38?
11
Suppose 4*a - 156 = 2*h, 2*a - 5*h + 1249 - 1343 = 0. What is the remainder when 649/3 - 16/(-24) is divided by a?
32
Let u = -11 + 15. Let w be 12/(-36)*(12 + 0)*-3. Let n = u + w. What is the remainder when 124 is divided by n?
12
Let t = 109 + -71. Suppose 80 = -t*s + 54*s. What is the remainder when 162 is divided by s?
2
Let g = -3242 - -4016. What is the remainder when g is divided by 97?
95
Let y(l) = l**3 - 2*l**2 + 125*l + 145. Calculate the remainder when y(0) is divided by (-2)/4 + (-150)/(-4).
34
Calculate the remainder when (3 - (8 - 3))/((-8)/924 + 0) is divided by 8.
7
Let q = 19 - -24. What is the remainder when ((-50594)/(-1851))/((-1)/(-3)) is divided by q?
39
Suppose -6262 = -8*m - 2*o, -4*m + 781 + 2308 = -5*o. What is the remainder when m is divided by 131?
126
Suppose 0 = 13*b - 344 - 1697. Suppose 45 + b = 2*n. What is the remainder when n is divided by 26?
23
Let i(q) = -5 - 9 + 7*q + 5 - 8. Suppose 5*b + 2*l = -l + 313, 4*l + 120 = 2*b. Calculate the remainder when b is divided by i(7).
30
Suppose 134 - 12 = 2*o + 4*i, 3*o - 5*i = 238. Let t = 409 - o. What is the remainder when t is divided by 20?
18
Let r be (29 + (-8 - 1))/((-4)/(-2)). Calculate the remainder when (-245)/r*(576/(-21))/4 is divided by 9.
6
Let m = 1692 + -788. Calculate the remainder when m is divided by 83.
74
Let a(s) = 4*s**3 + 7*s**2 - 27*s. What is the remainder when a(3) is divided by 26?
12
Let i be 4/(-14) + (-741)/(-21). Let m = -18 + i. Suppose -403 = -10*f + 87. What is the remainder when f is divided by m?
15
Suppose 3*t - 10 = -4*y + 136, 150 = 4*y + t. Calculate the remainder when 1438/(2/(-3 + 4)) is divided by y.
35
What is the remainder when (600/(-20))/10 + (1135 - 2) is divided by 87?
86
Let h = 4279 - 4027. Calculate the remainder when 917 is divided by h.
161
Suppose -3*k + 5*r - 7 = -44, 3*k - 47 = -5*r. Calculate the remainder when 6/42 - (-1426)/k is divided by 33.
3
Suppose -h + 24 = -7. Let m = -2 + 23. Calculate the remainder when 6 + 3 + h + (-2)/2 is divided by m.
18
Let b(l) = 3*l**2 - 18*l - 30. Let o be b(17). Suppose -369 = -6*r + o. What is the remainder when r is divided by 9?
6
Let a(r) = 4*r + 8. Let p be a(12). Suppose -p = 2*d - 86. Let u = -77 - -117. What is the remainder when u is divided by d?
10
Let l(x) be the third derivative of x**4/2 + 419*x**3/6 + 366*x**2. What is the remainder when (-1)/(-1 - (-140)/142) is divided by l(-34)?
5
Suppose 15 = 13*g - 11. Suppose 0 = -4*o - 3*i + 95, 8 = g*o + 5*i - 43. Let b = o + 18. Calculate the remainder when b is divided by 14.
13
Let q = -332 - -1116. Let k = q - 1279. What is the remainder when 19 is divided by (-4)/6*k/30?
8
What is the remainder when (390 - 1) + (127 - 144) is divided by 95?
87
Suppose -3*m = 55*b - 59*b - 7356, -5*m + 4*b + 12276 = 0. Calculate the remainder when m is divided by 349.
17
Suppose i + 255 = 4*v, 4*v - 7*i + 10*i - 243 = 0. Calculate the remainder when 856 is divided by v.
37
Suppose -31916 = -105*v + 61114. What is the remainder when 895 is divided by v?
9
Let t be 3140/14 + 16/(-56). Suppose -t*b - 27 = -227*b. What is the remainder when 35 is divided by b?
8
Let i(c) = 38*c**3 + 2*c**2 - c + 6. Let n(h) = 77*h**3 + 6*h**2 - 2*h + 11. Let w(k) = 5*i(k) - 2*n(k). What is the remainder when w(2) is divided by 24?
22
Suppose -5*l - 13 = -4*v, -5*v + 0 = 5*l - 5. Suppose 3*g + 27 = 3*n, v*n + 48 = 6*n - g. What is the remainder when n is divided by 6?
1
Suppose 716 = 4*y - 3*a, 28*y - 23*y - 2*a - 881 = 0. Calculate the remainder when 848 is divided by y.
156
Let h(t) = -47*t**2 - 66*t - 115. Let c(d) = 31*d**2 + 44*d + 77. Let b(m) = 8*c(m) + 5*h(m). What is the remainder when b(-5) is divided by 24?
16
Let i(a) = -a**3 + 18*a**2 - 19*a + 503. Calculate the remainder when i(16) is divided by 40.
31
Suppose -29*l + 32*l - h = 94126, 3*l + 3*h - 94146 = 0. What is the remainder when l is divided by 30?
27
Suppose 0 = 2*i - 4*i + y - 322, -5*y - 483 = 3*i. Let x = -132 - i. Calculate the remainder when 64 is divided by x.
6
Let d(x) = -4*x**2 + 24*x - 13. What is the remainder when (-141 + -1)/(-2)*1 is divided by d(4)?
14
Let c(s) = -142*s + 11452. What is the remainder when c(80) is divided by (12/16)/(2/32)?
8
Suppose 2*h - 27 + 23 = 0. Suppose 33 = 5*g - i - 15, -3*i - 14 = -h*g. Calculate the remainder when 76 is divided by g.
6
Let w be (8/(-7) - -1) + 19908/98. Let z = -106 + w. Calculate the remainder when z is divided by 25.
22
What is the remainder when 218 is divided by 182/(-39)*(-222)/14?
70
Let y(k) = -k**2 - 13*k + 5. Let s = 440 + -309. Let d = -124 + s. Calculate the remainder when y(-7) is divided by d.
5
Suppose -12*k = 2*k - 6678. Suppose -27*c + k = -18*c. What is the remainder when 104 is divided by c?
51
Calculate the remainder when 356 is divided by ((-4932)/(-15))/4 - (-4)/20*4.
24
Suppose 5*m - 5*w = 1525, 5*m - 2237 + 680 = w. What is the remainder when 951 is divided by m?
12
Suppose -353 = -2*b - 0*a - a, 5*a - 15 = 0. Let q = b - 75. Suppose -3*z + 4*g + q = 2*g, -z - 2*g + 36 = 0. What is the remainder when z is divided by 5?
4
Suppose 5 = 3*i + 3*u - 13, 0 = i - 5*u + 6. Suppose -40 = -i*s - 4*y, s + 26 = 4*s + y. Suppose -j + 95 = 56. Calculate the remainder when j is divided by s.
7
Suppose 4*w = 71 + 677. Let n = w - 110. Suppose -8*x + n - 5 = 0. What is the remainder when x is divided by 